7
In base 10, what is -3 + 16?
13
In base 2, what is -11100 + -111?
-100011
In base 2, what is 1100 - 10000?
-100
In base 11, what is -65a + -1?
-660
In base 10, what is -781 - -11?
-770
In base 5, what is 30213 - 4?
30204
In base 10, what is -3 - -133?
130
In base 14, what is 1a0 - b?
193
In base 16, what is 0 - -29?
29
In base 5, what is 114220 + 4?
114224
In base 6, what is -55 + -24?
-123
In base 9, what is 4 + 1170?
1174
In base 2, what is 1110 - -11?
10001
In base 2, what is 1 + -11000110?
-11000101
In base 13, what is 97 + 4?
9b
In base 13, what is -11 - 906?
-917
In base 8, what is 1 - -150?
151
In base 5, what is 400 + 204?
1104
In base 15, what is 1c4 - 4?
1c0
In base 5, what is -1 - 33444?
-34000
In base 14, what is 1 + 101?
102
In base 6, what is -10 + 11?
1
In base 8, what is -3 + 14?
11
In base 5, what is -1 + -120?
-121
In base 12, what is 15a - -27?
185
In base 5, what is 3 + 2030?
2033
In base 8, what is -5 + 205?
200
In base 13, what is -1a - -3?
-17
In base 10, what is -7 + 199?
192
In base 8, what is -61 + -1?
-62
In base 9, what is -50 - 3?
-53
In base 11, what is 2 - -86?
88
In base 7, what is 30 + 12?
42
In base 13, what is -945 - -2?
-943
In base 16, what is 4 + -c?
-8
In base 8, what is 21 + 20?
41
In base 13, what is 2 + 1?
3
In base 3, what is -22102 + 0?
-22102
In base 16, what is 87 - 5?
82
In base 6, what is -42 + -50?
-132
In base 3, what is -1101 - 21?
-1122
In base 7, what is -4 - -110?
103
In base 13, what is -708 + -3?
-70b
In base 13, what is -13 + 1?
-12
In base 13, what is -1 + -13b?
-13c
In base 10, what is 1 + 8?
9
In base 9, what is -1 + 378?
377
In base 13, what is 2 + 24?
26
In base 2, what is -100111 - 111?
-101110
In base 15, what is 4 + 1d?
22
In base 2, what is 1 + -1100?
-1011
In base 16, what is -73 + 9?
-6a
In base 15, what is -5 - -921?
91b
In base 5, what is 424 + 1044?
2023
In base 10, what is 8 + -36?
-28
In base 15, what is -938 - 0?
-938
In base 13, what is 48c8 + 4?
48cc
In base 8, what is 1011 + -7?
1002
In base 10, what is -272 - -19?
-253
In base 11, what is 2 - 22?
-20
In base 2, what is -101 - 110011?
-111000
In base 16, what is -5 + 28?
23
In base 10, what is -3238 + -4?
-3242
In base 10, what is 2 - 1?
1
In base 16, what is c3 - 6?
bd
In base 12, what is -1557 + -11?
-1568
In base 6, what is -242 - 134?
-420
In base 14, what is 301 - 3?
2dc
In base 9, what is 31 + 62?
103
In base 14, what is 5 - 36a?
-365
In base 14, what is -4 - -628?
624
In base 9, what is -71 - 17?
-88
In base 11, what is 6a - 0?
6a
In base 8, what is 1236 + -1?
1235
In base 10, what is 12 + 14?
26
In base 4, what is 110 - -10?
120
In base 2, what is -11110001 + 110?
-11101011
In base 9, what is 1125 + 2?
1127
In base 13, what is -5 + 1c2?
1ba
In base 13, what is 630 + -4?
629
In base 5, what is -40 - 10?
-100
In base 13, what is 3 + -82?
-7c
In base 4, what is 230 - -122?
1012
In base 11, what is -674 + 0?
-674
In base 9, what is -2252 + -3?
-2255
In base 14, what is 0 + 4a?
4a
In base 11, what is 32 + -5?
28
In base 11, what is -167 + -1?
-168
In base 5, what is 4 + -1?
3
In base 10, what is -3 + 815?
812
In base 4, what is -1 - 122220?
-122221
In base 2, what is -1010 + 1011001?
1001111
In base 3, what is -1 - -22200?
22122
In base 9, what is -18 - 10?
-28
In base 2, what is 111 + -1010100101010?
-1010100100011
In base 13, what is 35 + -1?
34
In base 7, what is 4 - -51?
55
In base 9, what is 2 + 242?
244
In base 9, what is -5 - 50?
-55
In base 9, what is 3 - 126?
-123
In base 11, what is 4 - 306?
-302
In base 10, what is -218 + -4?
-222
In base 2, what is 11111101 - -10011?
100010000
In base 4, what is 201 - 100?
101
In base 3, what is -1 - 101202?
-101210
In base 3, what is 1 + -1022?
-1021
In base 2, what is 0 + -1010001111?
-1010001111
In base 6, what is -54 + -14?
-112
In base 6, what is 0 - 110?
-110
In base 10, what is 9 - -117?
126
In base 3, what is 1021100 + -11?
1021012
In base 7, what is -346 + 11?
-335
In base 13, what is 5744 + 1?
5745
In base 10, what is -2 + 1682?
1680
In base 2, what is -1100000011 - -1010?
-1011111001
In base 4, what is -113 - -12?
-101
In base 14, what is -10c + 1?
-10b
In base 2, what is 100011 - 10?
100001
In base 7, what is -352 - 10?
-362
In base 13, what is 4 + -646?
-642
In base 13, what is 635 + 0?
635
In base 11, what is -116 - -11?
-105
In base 7, what is -1 - 134?
-135
In base 8, what is 2 - 274?
-272
In base 12, what is 39 - -160?
199
In base 2, what is -10001001 - 11?
-10001100
In base 7, what is -104 - 3?
-110
In base 13, what is 57 - 10?
47
In base 16, what is 5 + b6?
bb
In base 4, what is -1100122 - -2?
-1100120
In base 8, what is -2 + 624?
622
In base 10, what is 6 + -30?
-24
In base 5, what is 1204 - -14?
1223
In base 12, what is 10 - -28?
38
In base 9, what is -3 - -30?
26
In base 14, what is -4 - -37b?
377
In base 7, what is 1 + 61?
62
In base 5, what is -2 + 33210?
33203
In base 6, what is 0 - 3003?
-3003
In base 11, what is 6 - 283?
-278
In base 4, what is 22 + -120?
-32
In base 13, what is -39b - 5?
-3a3
In base 12, what is 3 + -243?
-240
In base 11, what is -16a - -5?
-165
In base 3, what is -1 + 121000?
120222
In base 14, what is -1c + -8?
-26
In base 7, what is 43 + 35?
111
In base 2, what is -101011 + 0?
-101011
In base 4, what is -2 + -12100?
-12102
In base 13, what is -4 - -10ba?
10b6
In base 2, what is 100011 + -1?
100010
In base 4, what is -121 - -21?
-100
In base 7, what is 2340 - -2?
2342
In base 8, what is 1000 - 2?
776
In base 16, what is -19 - -6e?
55
In base 4, what is -11000 - -2?
-10332
In base 12, what is 1 - 22?
-21
In base 3, what is -1 - -12102221?
12102220
In base 12, what is 111a + -4?
1116
In base 3, what is 1 - -2210?
2211
In base 6, what is -3 - 10014?
-10021
In base 16, what is 4 - 68?
-64
In base 11, what is -404 - -2?
-402
In base 12, what is -24 + 33?
b
In base 2, what is 11 - 1000001?
-111110
In base 10, what is 83 + -520?
-437
In base 5, what is -3 - 102?
-110
In base 16, what is -3 - 8?
-b
In base 13, what is 0 + -b?
-b
In base 13, what is 1b5 - -45?
22a
In base 7, what is 2202 - -3?
2205
In base 11, what is -2 + -15?
-17
In base 9, what is 43 + 83?
136
In base 3, what is -22121 - -11?
-22110
In base 5, what is 3 - -2210?
2213
In base 12, what is 2 + -7?
-5
In base 15, what is 681 + -b?
675
In base 10, what is -278 - -6?
-272
In base 3, what is 1 - 1011201?
-1011200
In base 8, what is -12 - 4?
-16
In base 6, what is -4 + -105?
-113
In base 12, what is -3 - 2083?
-2086
In base 5, what is 114113 + -1?
114112
In base 7, what is 1 - -62?
63
In base 12, what is 4714 - -3?
4717
In base 11, what is 7 + -132?
-126
In base 12, what is -40 - 18?
-58
In base 12, what is -112 - b?
-121
In base 5, what is -1042 + -1?
-1043
In base 9, what is 41 - 47?
-6
In base 15, what is -49 - -6?
-43
In base 7, what is 10145 - 5?
10140
In base 5, what is -1 - 11423?
-11424
In base 7, what is -3401 - 4?
-3405
In base 6, what is 15 + 11?
30
In base 4, what is -10003 + -12?
-10021
In base 8, what is -5012 + 4?
-5006
In base 16, what is -5b + -5?
-60
In base 12, what is 0 + 432?
432
In base 12, what is b - 964?
-955
In base 4, what is 1232021 + -2?
1232013
In base 2, what is -10000010001010 - 1?
-10000010001011
In base 4, what is 2010 - 3?
2001
In base 14, what is -603 - 21?
-624
In base 4, what is 13 - 11?
2
In base 2, what is 11010 - 1010100?
-111010
In base 6, what is -133045 - 0?
-133045
In base 9, what is 1 + -23?
-22
In base 13, what is 1 + -217?
-216
In base 3, what is 10 + 102?
112
In base 4, what is -131 + -223?
-1020
In base 12, what is 5 + -5b2?
-5a9
In base 5, what is -30 - 1?
-31
In base 8, what is 213 - 74?
117
In base 7, what is -2 + -1?
-3
In base 11, what is 5848 - -5?
5852
In base 16, what is 0 + c?
c
In base 4, what is -20130 - 11?
-20201
In base 2, what is 10 + -1001011101100?
-1001011101010
In base 6, what is -4 + 2?
-2
In base 5, what is -42 + -1?
-43
In base 15, what is 12c2 + -1?
12c1
In base 11, what is 20 - 128?
-108
In base 15, what is 29d1 - -3?
29d4
In base 3, what is 122011 - -2002?
201020
In base 5, what is -2 + 4?
2
In base 13, what is -12 + -1a6?
-1b8
In base 3, what is 122020 - -10?
122100
In base 6, what is 1251 - 203?
1044
In base 5, what is 114 + -11?
103
In base 10, what is -9 + -6?
-15
In base 4, what is 3 +